{"id":6,"date":"2018-02-05T12:05:27","date_gmt":"2018-02-05T15:05:27","guid":{"rendered":"http:\/\/artesaudiovisuales.ugd.edu.ar\/?page_id=6"},"modified":"2018-02-09T10:18:22","modified_gmt":"2018-02-09T13:18:22","slug":"sobre-nosotros","status":"publish","type":"page","link":"https:\/\/artesaudiovisuales.ugd.edu.ar\/index.php\/sobre-nosotros\/","title":{"rendered":"Sobre la Lic. en Artes Audiovisuales"},"content":{"rendered":"<p>El profesional egresado en Artes Audiovisuales, estar\u00e1 habilitado para ejercer en cine, televisi\u00f3n, video, multimedia y disciplinas afines. Poseer\u00e1n herramientas pr\u00e1cticas y te\u00f3ricas adquiridas en el transcurso de todo el recorrido acad\u00e9mico. Esta formaci\u00f3n propiciar\u00e1 la reflexi\u00f3n cr\u00edtica, social, cultural y art\u00edstica; conjuntamente, la pr\u00e1ctica posibilitar\u00e1 al egresado apropiarse de los medios tecnol\u00f3gicos para la construcci\u00f3n de discursos e imaginarios aut\u00f3nomos.<\/p>\n<p>&nbsp;<\/p>\n","protected":false},"excerpt":{"rendered":"<p>El profesional egresado en Artes Audiovisuales, estar\u00e1 habilitado para ejercer en cine, televisi\u00f3n, video, multimedia y disciplinas afines. Poseer\u00e1n herramientas pr\u00e1cticas y te\u00f3ricas adquiridas en el transcurso de todo el recorrido acad\u00e9mico. Esta formaci\u00f3n propiciar\u00e1 la reflexi\u00f3n cr\u00edtica, social, cultural y art\u00edstica; conjuntamente, la pr\u00e1ctica posibilitar\u00e1 al egresado apropiarse de los medios tecnol\u00f3gicos para la [&hellip;]<\/p>\n","protected":false},"author":2,"featured_media":0,"parent":0,"menu_order":0,"comment_status":"closed","ping_status":"closed","template":"","meta":[],"_links":{"self":[{"href":"https:\/\/artesaudiovisuales.ugd.edu.ar\/index.php\/wp-json\/wp\/v2\/pages\/6"}],"collection":[{"href":"https:\/\/artesaudiovisuales.ugd.edu.ar\/index.php\/wp-json\/wp\/v2\/pages"}],"about":[{"href":"https:\/\/artesaudiovisuales.ugd.edu.ar\/index.php\/wp-json\/wp\/v2\/types\/page"}],"author":[{"embeddable":true,"href":"https:\/\/artesaudiovisuales.ugd.edu.ar\/index.php\/wp-json\/wp\/v2\/users\/2"}],"replies":[{"embeddable":true,"href":"https:\/\/artesaudiovisuales.ugd.edu.ar\/index.php\/wp-json\/wp\/v2\/comments?post=6"}],"version-history":[{"count":5,"href":"https:\/\/artesaudiovisuales.ugd.edu.ar\/index.php\/wp-json\/wp\/v2\/pages\/6\/revisions"}],"predecessor-version":[{"id":63,"href":"https:\/\/artesaudiovisuales.ugd.edu.ar\/index.php\/wp-json\/wp\/v2\/pages\/6\/revisions\/63"}],"wp:attachment":[{"href":"https:\/\/artesaudiovisuales.ugd.edu.ar\/index.php\/wp-json\/wp\/v2\/media?parent=6"}],"curies":[{"name":"wp","href":"https:\/\/api.w.org\/{rel}","templated":true}]}}

<p>El profesional egresado en Artes Audiovisuales, estará habilitado para ejercer en cine, televisión, video, multimedia y disciplinas afines. Poseerán herramientas prácticas y teóricas adquiridas en el transcurso de todo el recorrido académico. Esta formación propiciará la reflexión crítica, social, cultural y artística; conjuntamente, la práctica posibilitará al egresado apropiarse de los medios tecnológicos para la construcción de discursos e imaginarios autónomos.</p>
<p>&nbsp;</p>

<p>El profesional egresado en Artes Audiovisuales, estará habilitado para ejercer en cine, televisión, video, multimedia y disciplinas afines. Poseerán herramientas prácticas y teóricas adquiridas en el transcurso de todo el recorrido académico. Esta formación propiciará la reflexión crítica, social, cultural y artística; conjuntamente, la práctica posibilitará al egresado apropiarse de los medios tecnológicos para la [&hellip;]</p>
